ime factors of 47562.
2, 3, 7927
What are the prime factors of 133523?
13, 10271
What are the prime factors of 14994?
2, 3, 7, 17
What are the prime factors of 56137?
73, 769
List the prime factors of 20.
2, 5
List the prime factors of 215.
5, 43
List the prime factors of 3206.
2, 7, 229
List the prime factors of 119.
7, 17
List the prime factors of 17923.
17923
What are the prime factors of 41080?
2, 5, 13, 79
List the prime factors of 1062.
2, 3, 59
List the prime factors of 31692.
2, 3, 19, 139
What are the prime factors of 740?
2, 5, 37
What are the prime factors of 79107?
3, 7, 3767
What are the prime factors of 9335?
5, 1867
List the prime factors of 22077.
3, 11, 223
What are the prime factors of 9036?
2, 3, 251
What are the prime factors of 8283?
3, 11, 251
What are the prime factors of 14059?
17, 827
What are the prime factors of 3785?
5, 757
List the prime factors of 1223.
1223
What are the prime factors of 1181?
1181
List the prime factors of 3562.
2, 13, 137
What are the prime factors of 1361?
1361
List the prime factors of 620.
2, 5, 31
What are the prime factors of 875?
5, 7
What are the prime factors of 9701?
89, 109
List the prime factors of 1472.
2, 23
List the prime factors of 13526.
2, 6763
What are the prime factors of 2146?
2, 29, 37
List the prime factors of 31260.
2, 3, 5, 521
List the prime factors of 266.
2, 7, 19
What are the prime factors of 3346?
2, 7, 239
List the prime factors of 794.
2, 397
List the prime factors of 69458.
2, 34729
List the prime factors of 845.
5, 13
List the prime factors of 148788.
2, 3, 4133
What are the prime factors of 31459?
163, 193
What are the prime factors of 4033?
37, 109
List the prime factors of 46530.
2, 3, 5, 11, 47
What are the prime factors of 700?
2, 5, 7
List the prime factors of 40580.
2, 5, 2029
What are the prime factors of 1853?
17, 109
List the prime factors of 29045.
5, 37, 157
What are the prime factors of 3605?
5, 7, 103
What are the prime factors of 71361?
3, 881
What are the prime factors of 570?
2, 3, 5, 19
What are the prime factors of 324?
2, 3
List the prime factors of 37350.
2, 3, 5, 83
What are the prime factors of 85133?
85133
What are the prime factors of 67302?
2, 3, 3739
List the prime factors of 51642.
2, 3, 19, 151
List the prime factors of 780.
2, 3, 5, 13
List the prime factors of 1313.
13, 101
What are the prime factors of 761?
761
List the prime factors of 604.
2, 151
List the prime factors of 6107.
31, 197
What are the prime factors of 10079?
10079
List the prime factors of 1444.
2, 19
List the prime factors of 127764.
2, 3, 7, 13
List the prime factors of 3096.
2, 3, 43
List the prime factors of 11770.
2, 5, 11, 107
List the prime factors of 933.
3, 311
What are the prime factors of 3203?
3203
List the prime factors of 11192.
2, 1399
List the prime factors of 1114.
2, 557
What are the prime factors of 144348?
2, 3, 23, 523
What are the prime factors of 167056?
2, 53, 197
List the prime factors of 95643.
3, 10627
What are the prime factors of 49633?
49633
What are the prime factors of 1671?
3, 557
What are the prime factors of 1779?
3, 593
What are the prime factors of 122320?
2, 5, 11, 139
List the prime factors of 12951.
3, 1439
What are the prime factors of 5752?
2, 719
List the prime factors of 115.
5, 23
What are the prime factors of 8510?
2, 5, 23, 37
List the prime factors of 1256.
2, 157
List the prime factors of 3249.
3, 19
List the prime factors of 168126.
2, 3, 7, 4003
List the prime factors of 3421.
11, 311
List the prime factors of 5478.
2, 3, 11, 83
What are the prime factors of 1553?
1553
List the prime factors of 28944.
2, 3, 67
What are the prime factors of 1578?
2, 3, 263
What are the prime factors of 6473?
6473
List the prime factors of 8067.
3, 2689
What are the prime factors of 4440?
2, 3, 5, 37
What are the prime factors of 10887?
3, 19, 191
List the prime factors of 141371.
141371
What are the prime factors of 693?
3, 7, 11
What are the prime factors of 9982?
2, 7, 23, 31
What are the prime factors of 26391?
3, 19, 463
List the prime factors of 40334.
2, 7, 43, 67
What are the prime factors of 1010?
2, 5, 101
What are the prime factors of 2431?
11, 13, 17
List the prime factors of 291.
3, 97
What are the prime factors of 458?
2, 229
What are the prime factors of 5320?
2, 5, 7, 19
List the prime factors of 5420.
2, 5, 271
List the prime factors of 8273.
8273
What are the prime factors of 26789?
7, 43, 89
List the prime factors of 900.
2, 3, 5
What are the prime factors of 48273?
3, 16091
What are the prime factors of 7427?
7, 1061
What are the prime factors of 2519?
11, 229
List the prime factors of 46569.
3, 19, 43
List the prime factors of 2761.
11, 251
What are the prime factors of 18386?
2, 29, 317
List the prime factors of 19062.
2, 3, 353
What are the prime factors of 135946?
2, 101, 673
List the prime factors of 960.
2, 3, 5
What are the prime factors of 984?
2, 3, 41
What are the prime factors of 10230?
2, 3, 5, 11, 31
What are the prime factors of 7689?
3, 11, 233
List the prime factors of 1203.
3, 401
What are the prime factors of 15526?
2, 7, 1109
List the prime factors of 38699.
38699
What are the prime factors of 3697?
3697
List the prime factors of 1573.
11, 13
What are the prime factors of 495?
3, 5, 11
What are the prime factors of 2019?
3, 673
List the prime factors of 14956.
2, 3739
What are the prime factors of 31105?
5, 6221
List the prime factors of 3399.
3, 11, 103
List the prime factors of 76134.
2, 3, 12689
List the prime factors of 8175.
3, 5, 109
What are the prime factors of 147022?
2, 19, 53, 73
List the prime factors of 32289.
3, 47, 229
What are the prime factors of 15518?
2, 7759
What are the prime factors of 6883?
6883
List the prime factors of 64179.
3, 2377
List the prime factors of 72157.
59, 1223
What are the prime factors of 4887?
3, 181
List the prime factors of 29655.
3, 5, 659
What are the prime factors of 48231?
3, 23, 233
List the prime factors of 3750.
2, 3, 5
List the prime factors of 6712.
2, 839
List the prime factors of 1134.
2, 3, 7
What are the prime factors of 7850?
2, 5, 157
What are the prime factors of 7916?
2, 1979
What are the prime factors of 25264?
2, 1579
List the prime factors of 11781.
3, 7, 11, 17
List the prime factors of 8958.
2, 3, 1493
List the prime factors of 33813.
3, 13, 17
List the prime factors of 23850.
2, 3, 5, 53
What are the prime factors of 10666?
2, 5333
What are the prime factors of 68177?
79, 863
List the prime factors of 1179.
3, 131
List the prime factors of 1546.
2, 773
What are the prime factors of 5353?
53, 101
What are the prime factors of 5927?
5927
What are the prime factors of 13602?
2, 3, 2267
What are the prime factors of 5459?
53, 103
List the prime factors of 16186.
2, 8093
What are the prime factors of 14403?
3, 4801
List the prime factors of 2628.
2, 3, 73
List the prime factors of 32135.
5, 6427
List the prime factors of 1079.
13, 83
List the prime factors of 25437.
3, 61, 139
List the prime factors of 154872.
2, 3, 239
List the prime factors of 1753.
1753
What are the prime factors of 35118?
2, 3, 1951
What are the prime factors of 32057?
32057
What are the prime factors of 1324?
2, 331
What are the prime factors of 10981?
79, 139
What are the prime factors of 41104?
2, 7, 367
List the prime factors of 25925.
5, 17, 61
List the prime factors of 599.
599
List the prime factors of 2570.
2, 5, 257
List the prime factors of 90970.
2, 5, 11, 827
What are the prime factors of 365?
5, 73
List the prime factors of 29827.
7, 4261
What are the prime factors of 1702?
2, 23, 37
List the prime factors of 7354.
2, 3677
What are the prime factors of 5374?
2, 2687
List the prime factors of 4533.
3, 1511
List the prime factors of 65047.
29, 2243
What are the prime factors of 45471?
3, 23, 659
List the prime factors of 1620.
2, 3, 5
List the prime factors of 445.
5, 89
What are the prime factors of 525?
3, 5, 7
What are the prime factors of 44736?
2, 3, 233
List the prime factors of 32474.
2, 13, 1249
What are the prime factors of 2194?
2, 1097
What are the prime factors of 690?
2, 3, 5, 23
What are the prime factors of 1225?
5, 7
What are the prime factors of 10875?
3, 5, 29
What are the prime factors of 3172?
2, 13, 61
What are the prime factors